ctor of 175170623?
False
Does 1216 divide 32519488?
True
Is 16 a factor of 62182730?
False
Is 167 a factor of 61249500?
False
Is 2086110 a multiple of 10?
True
Does 181 divide 18009509?
False
Is 274 a factor of 12817347?
False
Is 180099712 a multiple of 8?
True
Does 3547 divide 4545665291?
False
Does 6 divide 1235028474?
True
Does 8 divide 2353169472?
True
Is 42430596 a multiple of 87?
True
Is 412 a factor of 82200180?
True
Is 176 a factor of 64272384?
True
Is 208943835 a multiple of 15?
True
Is 1614010692 a multiple of 169?
False
Is 592688136 a multiple of 3148?
False
Is 237 a factor of 51637086?
True
Is 3534088894 a multiple of 17?
True
Is 333 a factor of 1278362358?
True
Is 69176429 a multiple of 3377?
False
Is 28292235 a multiple of 367?
False
Is 2851560 a multiple of 180?
True
Is 50483270 a multiple of 7?
False
Does 65 divide 417559200?
False
Is 569 a factor of 13465221?
False
Does 599 divide 40158632?
False
Does 17 divide 196165910?
False
Does 493 divide 113433877?
True
Does 139 divide 10186045?
False
Does 2907 divide 1628631622?
False
Does 8 divide 9544384?
True
Is 75 a factor of 3600446?
False
Does 1007 divide 491215352?
False
Does 38 divide 1038377?
False
Does 79 divide 148709017?
False
Is 213968031 a multiple of 324?
False
Is 266712724 a multiple of 7323?
False
Does 677 divide 122591160?
True
Is 1103 a factor of 352472474?
True
Does 301 divide 97994966?
False
Is 288 a factor of 170085481?
False
Is 113607319 a multiple of 4169?
False
Is 12457375 a multiple of 875?
True
Does 371 divide 888083105?
True
Is 704593331 a multiple of 13?
True
Does 145 divide 4529075?
True
Is 75 a factor of 390204768?
False
Is 319100550 a multiple of 331?
True
Is 2751321008 a multiple of 454?
False
Is 88 a factor of 16183885?
False
Is 25573982 a multiple of 49?
True
Is 3333155584 a multiple of 256?
True
Is 306221867 a multiple of 43?
False
Does 101 divide 101914252?
True
Is 26393108 a multiple of 14?
True
Does 12 divide 712300872?
True
Is 113296250 even?
True
Does 201 divide 35109072?
True
Is 212546222 a multiple of 1286?
True
Does 14 divide 17587752?
True
Is 53 a factor of 29988287?
False
Is 385 a factor of 409127180?
True
Is 2830633 a multiple of 11?
False
Is 25 a factor of 1702303550?
True
Does 7 divide 474362951?
False
Does 42 divide 1606320660?
True
Does 15 divide 22202685?
True
Is 26 a factor of 5214821?
False
Is 64 a factor of 134066624?
True
Is 162346944 a multiple of 4584?
True
Is 15229164 a multiple of 15?
False
Does 38 divide 1114488776?
True
Is 200 a factor of 2684525992?
False
Is 2043 a factor of 270070299?
True
Is 35407086 a multiple of 286?
True
Does 2341 divide 144758076?
True
Does 8 divide 343714939?
False
Is 86771850 a multiple of 33?
True
Does 13 divide 42212101?
False
Does 24 divide 837349706?
False
Does 220 divide 115686340?
True
Is 4805920 a multiple of 16?
True
Is 201040917 a multiple of 59?
False
Is 3455 a factor of 2206822515?
True
Does 16 divide 39188208?
True
Is 2184106134 a multiple of 19?
False
Is 243615006 a multiple of 2538?
True
Is 1696041 a multiple of 93?
True
Is 477 a factor of 11742337?
False
Is 4 a factor of 127958790?
False
Is 49341371 a multiple of 1947?
False
Is 1854 a factor of 552779370?
True
Is 73 a factor of 3431499?
False
Is 2488484 a multiple of 6?
False
Is 236 a factor of 353593608?
True
Does 6 divide 3290647?
False
Is 16631592 a multiple of 99?
False
Is 101 a factor of 15873331?
False
Is 3014 a factor of 2318106582?
True
Does 5333 divide 662257273?
True
Does 158 divide 18886509?
False
Is 41985287 a multiple of 948?
False
Is 1368 a factor of 339091352?
False
Is 144 a factor of 195748729?
False
Does 154 divide 115849462?
False
Is 537 a factor of 692687630?
False
Is 206222371 a multiple of 169?
False
Is 3533 a factor of 55601487?
False
Is 86 a factor of 292813832?
True
Is 1058 a factor of 13004936?
True
Is 14917 a factor of 3685543190?
True
Does 63 divide 19664883?
True
Does 131 divide 127077887?
False
Is 21016744 a multiple of 35?
False
Does 1774 divide 441420872?
True
Is 105 a factor of 741799050?
False
Is 172 a factor of 14280816?
True
Is 146432353 a multiple of 1391?
False
Is 28823202 a multiple of 27?
True
Is 186 a factor of 3594748621?
False
Does 116 divide 330292393?
False
Is 621949568 a multiple of 2120?
False
Is 1219512680 a multiple of 895?
True
Is 1618250333 a multiple of 49?
True
Is 202270067 a multiple of 125?
False
Does 3 divide 700676777?
False
Does 25 divide 30365842?
False
Is 47 a factor of 1165984729?
False
Is 2857 a factor of 33311890?
False
Is 178090350 a multiple of 42?
False
Is 5622 a factor of 993851538?
True
Does 132 divide 159551436?
True
Is 87754092 a multiple of 180?
False
Is 4680 a factor of 251376840?
True
Is 14 a factor of 22443852?
False
Does 575 divide 67477975?
True
Is 646744840 a multiple of 280?
True
Does 176 divide 55433109?
False
Is 997509380 a multiple of 7175?
False
Is 31228353 a multiple of 88?
False
Is 3 a factor of 7084778?
False
Is 138213500 a multiple of 3100?
True
Is 771 a factor of 1233077262?
True
Is 122 a factor of 490739144?
True
Does 1337 divide 244554681?
True
Is 8312745 a multiple of 255?
True
Is 75383831 a multiple of 53?
False
Is 257295332 a multiple of 650?
False
Is 5512 a factor of 8217432912?
True
Is 150267416 a multiple of 1468?
True
Is 83475943 a multiple of 57?
False
Is 688 a factor of 13894979?
False
Does 327 divide 16557645?
True
Does 63 divide 145173357?
True
Is 202495968 a multiple of 744?
True
Does 2 divide 11314668?
True
Is 11 a factor of 17387277?
False
Is 13 a factor of 6775401927?
False
Does 366 divide 1160886985?
False
Does 35 divide 1412510050?
True
Is 444 a factor of 49665203?
False
Is 94013700 a multiple of 465?
True
Is 753 a factor of 413431826?
False
Does 684 divide 1168286578?
False
Does 204 divide 736828392?
False
Is 1105 a factor of 30646070?
True
Does 58 divide 378842196?
True
Is 232 a factor of 834750883?
False
Is 30869860 a multiple of 622?
True
Is 188 a factor of 135115635?
False
Does 15 divide 1301637520?
False
Is 629860835 a multiple of 410?
False
Does 16 divide 31859856?
True
Is 407 a factor of 36920191?
True
Is 23 a factor of 5353129246?
False
Is 1725509520 a multiple of 48?
True
Does 127 divide 45410138?
False
Does 251 divide 652893810?
False
Is 212 a factor of 2945952?
True
Is 65 a factor of 33749677?
False
Is 6778495 a multiple of 10?
False
Is 11 a factor of 84266001?
False
Is 151 a factor of 108627588?
True
Is 88350431 a multiple of 13?
True
Does 237 divide 887203690?
False
Is 135092079 a multiple of 279?
True
Does 398 divide 37459760?
True
Does 96 divide 2186348185?
False
Is 8 a factor of 2747976?
True
Is 69692727 a multiple of 3939?
True
Is 2292540064 a multiple of 6704?
True
Does 12 divide 4581787920?
True
Is 12962649 a multiple of 27?
False
Does 3277 divide 1625680376?
True
Does 264 divide 23996300?
False
Is 1006 a factor of 101217684?
True
Is 14 a factor of 119094639?
False
Is 47 a factor of 115004344?
False
Is 28063490 a multiple of 182?
True
Is 820 a factor of 18056400?
True
Is 9245403 a multiple of 29?
True
Does 25 divide 10080554?
False
Is 809030160 a multiple of 60?
True
Does 33 divide 486222206?
False
Does 295 divide 20689235?
True
Is 8730424 a multiple of 1835?
False
Is 414 a factor of 248968519?
False
Is 24 a factor of 5045400?
True
Does 203 divide 41002143?
True
Does 28 divide 243747100?
False
Does 266 divide 784123445?
False
Is 268 a factor of 502287485?
False
Is 59446713 a multiple of 1663?
False
Does 49 divide 99647282?
True
Is 3229 a factor of 143952049?
True
Does 21 divide 35237889?
False
Is 15 a factor of 68621370?
True
Does 425 divide 2061979916?
False
Is 941 a factor of 49842888?
True
Does 11 divide 294174823?
False
Is 32377237 a multiple of 4601?
True
Is 36148812 a multiple of 21?
True
Is 674 a factor of 28811478?
True
Is 3 a factor of 2769319?
False
Does 8 divide 5765808?
True
Is 14 a factor of 47018807?
False
Is 23 a factor of 795311043?
True
Is 29434674 a multiple of 6?
True
Does 2470 divide 3848440310?
True
Does 114 divide 718911474?
True
Is 510702742 a multiple of 7?
False
Is 115927885 a multiple of 19?
False
Is 48 a factor of 929317344?
True
Is 10 a factor of 13247214?
False
Is 46821585 a multiple of 70?
False
Is 274133402 a multiple of 119?
False
Is 76459152 a multiple of 590?
False
Is 21 a f